(d) + 5*f(d). What is r(-6)?
-6
Let x(t) = 4*t**2 - 122 - 2*t**3 - 2*t**2 + 121 + 6*t**2 + t**3 - 9*t. What is x(4)?
27
Suppose 17 = -18*b - 91. Let v(r) be the first derivative of -r**4/4 - 5*r**3/3 - r**2 - 8*r + 105. What is v(b)?
40
Let t(o) = -1 - 38*o + 41 + 44*o + 24 - 15*o. What is t(7)?
1
Suppose 51 = 3*p - 5*v, 0 = 2*p - 16*v + 19*v - 15. Let c(t) = t**2 - 9*t - 35. What is c(p)?
1
Suppose 2*m + 5*t = 5, 5*m = 4*t - 7*t + 22. Let f(v) = 24 - 3*v + 0*v + 22 - 48 + 6*v. Determine f(m).
13
Let y(x) = -x + 6. Let a(n) = -n**2 + 10*n - 9. Let s be a(9). Suppose j + s*j = k + 9, -j = -4*k - 15. Let f be (3 - j)/(2/(-3)). Calculate y(f).
0
Let j be (10 + -14)*(-4)/8. Let d be -3*j - (18 + -22). Let v(b) = b**2 + 2*b + 4. What is v(d)?
4
Let r(u) = 3*u**3 + 15*u**2 + 14*u - 17. Let q(g) = -5*g**3 - 28*g**2 - 26*g + 34. Let o(l) = 4*q(l) + 7*r(l). What is o(7)?
-25
Let x(p) be the first derivative of p**4/4 - 4*p**3 + p**2 + 12*p + 1325. Give x(12).
36
Suppose -3*n = 3*g - 5*n + 18, 5*g = 4*n - 32. Let h be (-3165*25/(-30))/((-3)/(-6)). Let y(c) = h + 3*c - 5275. Calculate y(g).
-12
Let j be (-1 + -1)*1 - (-34 - -35). Let l(q) = 43*q - 27. Determine l(j).
-156
Suppose 75 = 60*d - 45. Let a(y) = -8*y**2 + 1. Let b(s) = -6*s**2 + 1. Let w(f) = d*a(f) - 3*b(f). Calculate w(2).
7
Let u(f) = -2*f**2 - 17*f - 51. Suppose 1593 = -649*c - 2301. What is u(c)?
-21
Let x(a) = -a**2 - 10*a - 8. Let k be (12/(-16))/(3/(-32)). Suppose 5*b = 2*z - 28, 2*b - 2*z = 2*z - k. Give x(b).
16
Let b(f) = 2*f**3 + 22*f**2 - 232*f + 26. Let y(p) = p**3 + 12*p**2 - 117*p + 14. Let o(k) = 3*b(k) - 5*y(k). Give o(-14).
-6
Let c be 9 - (0 + (-8 - 4)/(-3)). Let q(p) = 4*p - 1 - 4 - 9 + 7. Give q(c).
13
Let k(y) be the third derivative of -y**8/20160 + y**7/2520 - y**6/180 - y**5/10 + y**4/6 - 120*y**2. Let j(n) be the third derivative of k(n). Give j(4).
-12
Let r(m) = 27 - 25 + 8*m - m**3 - 5*m + 2 + m. Determine r(-3).
19
Let c(g) = -7*g**3 - g. Let a = -180 - -185. Suppose t - l - a = -2, -21 = t + 5*l. What is c(t)?
8
Let k = -1 - -8. Let m(f) be the third derivative of f**5/60 - f**4/4 - 3*f**3/2 - 1796*f**2 - 11. Calculate m(k).
-2
Let g(f) = -f**2 - 2*f + 1. Let w be (42/54 - 1) + (-9321)/(-27). Let y = w - 347. Calculate g(y).
1
Let z(l) be the third derivative of -l**4/3 + 9*l**3/2 + 4769*l**2. Give z(4).
-5
Let t(a) be the second derivative of -a**3/2 - a**2 + 3*a - 4698. Suppose -6 = c + 3*f, 3*c = c - 5*f - 12. Determine t(c).
16
Let i(n) be the third derivative of -n**6/120 + n**5/30 + n**4/8 - n**3/2 - 107*n**2 - 6*n. Determine i(3).
-3
Let p(u) = -u**3 - u**2 + 4*u - 3. Suppose -2*q = -q + 150 - 153. Calculate p(q).
-27
Let x = 4052 - 4079. Let d(y) = y + 23. Determine d(x).
-4
Let a be (-2151 - -2095)*(3 + 1)/(21/(-3)). Let m(h) = 2*h**3 - 63*h**2 - 33*h + 25. Calculate m(a).
-7
Suppose -391*f - 2441 = -75*f + 1983. Let o(g) = -g**3 - 14*g**2 + 18*g + 245. What is o(f)?
-7
Let z(l) = -l**2 - 3 - 45600*l**3 - 9*l + 6 + 45601*l**3. Determine z(3).
-6
Let w(q) be the second derivative of -q**7/840 - q**6/360 - 3*q**4/8 - 61*q**3/3 + 7*q - 7. Let i(h) be the second derivative of w(h). Determine i(0).
-9
Let b(s) = 14*s - 151 + 9*s**2 - 10*s - 4*s + 153 - 6*s. Determine b(2).
26
Let s(w) = 3*w**2 - 15*w - 33. Suppose 68*z + 76*z - 1008 = 0. What is s(z)?
9
Let l(o) = -3*o - 3. Suppose 13*h = 107 - 94. Determine l(h).
-6
Let u(t) = -274*t**2 - 26*t - 38. Let z(g) = -219*g**2 - 28*g - 39. Let c(x) = -4*u(x) + 5*z(x). Determine c(37).
-6
Suppose 0 = -171*d - 161 - 178 - 1542. Let r(j) be the second derivative of -j**5/20 - 5*j**4/6 + 3*j**3/2 - 13*j**2/2 + 2*j. Give r(d).
9
Let p be 5*(-6 - (-174)/30). Let w(o) = -6*o**3 + o**2 + 3*o + 3. What is w(p)?
7
Suppose 33*p + 361 = -37*p - 199. Let r(n) = 9*n**3 + 23*n**2 + 2*n + 7. Let f(k) = 5*k**3 + 12*k**2 + k + 3. Let t(x) = -7*f(x) + 4*r(x). Give t(p).
-1
Let w(a) = -2*a**2 - 30*a - 41. Suppose -60*c + 59*c = 12. Calculate w(c).
31
Let g(b) = -b**2 + b + 1. Suppose 4*o - 194 = -22. Let t = o - 44. Let w(j) = 4*j**2 - 3*j - 4. Let p(l) = t*w(l) - 5*g(l). Determine p(3).
2
Let a(u) be the second derivative of -u**4/12 + 7*u**3/6 - 2*u**2 + u. Let x be (0 + 1)*(-5 + 14). Suppose 12*w - 18 = x*w. Calculate a(w).
2
Let k(w) = -w**3 + 8*w**2 - 8*w + 8. Let a(p) be the third derivative of p**4/4 - 23*p**3/6 + 2*p**2 - 86. Let d be a(5). Determine k(d).
1
Suppose -4*a + 4*m - 32 = 0, 15*m = 2*a + 142 - 35. Let c(t) = -35*t - 30. Calculate c(a).
5
Let t(f) be the first derivative of -f**2 - 10*f + 2. Let u(s) = -s**3 - 102*s**2 + 320*s + 518. Let z be u(-105). Give t(z).
4
Suppose -19 = -4*w + 41. Let h(i) = -38 + 37 - 12*i + w*i. Calculate h(-4).
-13
Suppose 0*w - w + 19 = 0. Suppose -4*c = 1 + w. Let i(f) = -407*f**3 - 406*f**3 - 408*f**3 + 1637*f**3 - 5*f**2 - 6 - 417*f**3 - 2*f. Calculate i(c).
4
Let b(m) = -4*m. Let f be 20/(-40)*2*-16. Suppose 14*c = f - 58. Give b(c).
12
Let i(c) = c**2 - 9*c + 1. Suppose 34*w + 3*u - 40 = 29*w, 3*u + 16 = 2*w. What is i(w)?
-7
Let n(w) be the second derivative of w**5/20 + 5*w**4/12 + 3*w**3/2 + 27*w**2/2 + 101*w. Calculate n(-4).
7
Let o(b) = b**2 - 7*b - 19. Let m(f) = 6*f**2 - 306*f - 304. Let x be m(52). Give o(x).
-11
Let b(p) = -30*p**2 - 33*p + 41. Let i(d) = 11*d**2 + 11*d - 14. Suppose -14*m - 28 = -7*m. Let y(x) = m*b(x) - 11*i(x). What is y(10)?
0
Let c(d) = 2*d**2 - d - 2. Let j(b) = -9*b - 5*b**2 + 2*b**2 + 39 - 4*b**2 - 30. Let q(h) = -3*c(h) - j(h). Give q(-12).
-3
Suppose 0 = -5*k + 50, -18*o - 519*k = -520*k + 213 - 59. Let l(v) = 0*v**2 + 3*v**2 + 9 - 2*v**2 + 12*v. Calculate l(o).
-23
Let i(g) = -2*g**2 + 38*g + 2. Let q be i(19). Let p(r) = 12 - 7 - 8 - 4*r**q + 2. What is p(1)?
-5
Suppose 3*c + 90 = 5*c. Let x be 10/4*(-36)/c. Let w(d) = -d**2 - 1997 - d**3 - 2000 + 5998 - 1999. What is w(x)?
6
Let f(q) = 133*q + 799. Let v(u) = 89*u + 535. Let i(k) = 7*f(k) - 10*v(k). What is i(-6)?
-3
Let j(x) be the second derivative of x**5/20 - 23*x**4/12 + 22*x**3/3 - 27*x**2 + 49*x + 14. What is j(21)?
-12
Let a(l) = -l**3 + 8*l**2 + l - 9. Suppose 23*s + 4*p - 4 = 19*s, -s = -2*p - 16. Calculate a(s).
69
Suppose 0 = 8*q + 13 - 21. Let i(k) = 19597*k + 2*k**2 - q - 14*k**2 - 19595*k. Give i(1).
-11
Let q(o) = -o**3 + 2*o**2 + o + 3. Let n(p) = -p**3 + 30*p**2 + 61*p + 99. Let i be n(32). What is q(i)?
-3
Let v(s) be the third derivative of -7*s**6/120 + s**5/60 - s**3/6 - 9*s**2 - 2. Suppose -17 = -4*r + 21*r. Determine v(r).
7
Let w(o) = 76*o + 77*o + 75*o - 309*o + 67*o. Calculate w(4).
-56
Let k(l) = -2*l**2 - 5*l - 2. Suppose -22*z + 63 = -3. Suppose 0 = 2*h - 3*u - 10 + 3, 0 = 3*h - z*u - 3. Calculate k(h).
-14
Let m(b) be the third derivative of b**6/120 + b**5/15 - b**4/6 - 8*b**3/3 - 2*b**2 + 524*b + 1. Calculate m(-5).
-21
Let d(a) be the first derivative of -a**4/4 + 16*a**3/3 - 20*a**2 + 5*a + 1052. Determine d(13).
-8
Let p = -120 - -84. Let f = -33 - p. Let o(u) = f*u - 3*u - 7 - u + 2*u. Give o(5).
-2
Let v(f) = 2*f**2 - 54*f - 75. Let x be v(29). Let o(c) = 1 + 95*c - x*c**2 + c**3 - 109*c + 53*c**2 - 5. Determine o(-13).
9
Let s(k) = 16*k. Let a(o) = 227*o**2 + 16*o + 18. Let y be a(-1). Let l = 231 - y. Give s(l).
32
Let d(r) = 9*r + 4. Suppose -8 = b + 5*f + 20, b + 4*f + 23 = 0. Determine d(b).
-23
Let n be 12/(-9)*2772/(-8). Suppose -2*x + 118 = -n. Let f be x/87*(-12)/10. Let t(p) = p**3 + 4*p**2 - p + 2. Give t(f).
6
Let c(f) = -1. Let v(o) = o - 3. Let j(w) = 5*c(w) + v(w). Let h be 2 + 1 + (-12)/(-4). Suppose 7*m - 10 = -n + 4*m, n = m + h. Determine j(n).
-1
Suppose -41*y + 589 = -600. Let w(v) be the third derivative of -y*v**2 - 11/3*v**3 + 0*v**4 - 1/60*v**5 + 0*v + 0. Calculate w(0).
-22
Let m(l) = -l**3 + 9*l**2 - 18*l. Let w be m(6). Let j(q) = -q**3 - q + 2. Let h be j(w). Let f(c) be the first derivative of 3*c**2/2 - 1. Calculate f(h).
6
Let d(h) = 5 - 3*h - 6*h + h**2 + 4*h. Suppose -36 = -10*l + 8*l - 7*l. What is d(l)?
1
Let i(z) be the third derivative of 0 - 1/24*z**4 + 0*z - 152*z**2 + 1/3*z**3. What is i(2)?
0
Let v(w) = 2*w - 22. Let c(l) = 8*l + 2. Let t(x) = -x - 5. Let j(n) = c(n) + 6*t(n). Let p(q) = -4*j(q) + 5*v(q). Calculate p(6).
14
Let n(f) = -23*f - 96. Let l = -7173 - -7169. Determine n(l).
-4
Let x(g) = -g**2 + 8*